0
Convert 1cd794 (base 14) to base 13.
2a3717
Convert 104460 (base 8) to base 5.
2110440
What is -11b8015 (base 14) in base 6?
-502234551
Convert -aa2ba (base 13) to base 6.
-10334131
What is 124003234 (base 5) in base 16?
94e1b
What is 122120210220 (base 3) in base 2?
1010100100000011001
What is -2bbb69 (base 13) in base 6?
-35113142
What is -12340203 (base 5) in base 12?
-5a247
What is -1121002102112 (base 3) in base 2?
-11001111000100001010
Convert 3724647 (base 11) to base 13.
145a3c4
Convert b643b (base 12) to base 7.
2014022
What is 4b2b (base 16) in base 3?
222101201
What is -515222 (base 15) in base 2?
-1110101111100100011001
What is -e5a5b (base 16) in base 5?
-220100020
What is 112334343 (base 6) in base 8?
7740467
17241340 (base 8) to base 16
3d42e0
18dca (base 15) to base 4
103231210
-141640 (base 7) to base 9
-41124
Convert -3acab (base 14) to base 8.
-433447
Convert 122100210212 (base 3) to base 11.
213853
What is -32021311320 (base 4) in base 8?
-16116570
Convert 11388113 (base 9) to base 8.
25127622
What is -15bdc (base 14) in base 13?
-1ba53
-1997307 (base 10) to base 12
-803a23
Convert -12221010220122 (base 3) to base 5.
-1301332012
Convert 448713 (base 10) to base 4.
1231203021
Convert 1020013100 (base 5) to base 13.
58b776
Convert 1b892a (base 13) to base 12.
29b905
Convert -119223 (base 15) to base 11.
-524827
Convert -306660 (base 11) to base 6.
-14313243
-6817c (base 16) to base 10
-426364
Convert -472d8 (base 15) to base 14.
-5c906
Convert -6560126 (base 8) to base 3.
-10022111010210
What is -2708d (base 16) in base 9?
-263280
What is 112a7c8 (base 13) in base 6?
305045405
What is -4c32d (base 16) in base 14?
-81a57
1337b (base 15) to base 7
344264
-1104004343 (base 5) to base 14
-4691ba
10020121220 (base 4) to base 10
1082984
Convert -d000 (base 16) to base 10.
-53248
Convert 90994 (base 12) to base 10.
188032
What is 1372049 (base 11) in base 16?
24026c
Convert 533013 (base 6) to base 13.
169c5
What is c4925 (base 13) in base 10?
353072
Convert -21c2aa (base 13) to base 15.
-10b694
-11100101010111111001100 (base 2) to base 3
-112010212011101
What is 7a7745 (base 11) in base 9?
2366254
What is -2aa97 (base 12) in base 13?
-215b0
What is 223a68 (base 11) in base 3?
200010020200
What is 8c72db (base 15) in base 8?
31453135
2cc9c9 (base 15) to base 11
1251636
What is -1010011011010110011110 (base 2) in base 8?
-12332636
-60373 (base 14) to base 12
-b1955
Convert -74356 (base 10) to base 12.
-37044
Convert 1d1fb6 (base 16) to base 5.
442034122
20010022101 (base 3) to base 10
120511
Convert 4bc11 (base 14) to base 6.
3554035
What is 101110111010110100 (base 2) in base 11?
12142a
-110121020210021 (base 3) to base 13
-150642a
Convert 2334461 (base 7) to base 3.
112222000122
What is 793ba6 (base 12) in base 16?
1d87ee
Convert -9654 (base 13) to base 14.
-785a
Convert a200e (base 16) to base 5.
132213231
What is 6ca584 (base 16) in base 12?
2474630
What is 2012221120 (base 3) in base 5?
2344301
100011110011010111 (base 2) to base 5
14143042
14422103 (base 5) to base 7
1212612
What is 365766 (base 8) in base 6?
2411022
-344276 (base 8) to base 5
-12220201
Convert 2010112212110 (base 3) to base 15.
175980
What is -113486 (base 11) in base 16?
-2c027
-345118 (base 11) to base 6
-15431224
Convert -22564663 (base 8) to base 2.
-10010101110100110110011
What is -1126361 (base 7) in base 16?
-228c2
-63265435 (base 7) to base 2
-10100011000101110100010
What is -3112300312 (base 4) in base 9?
-1580611
Convert 58323 (base 11) to base 3.
11021120001
What is -32fe4 (base 16) in base 6?
-4250552
3141651 (base 7) to base 10
380031
What is -342130240 (base 5) in base 12?
-614047
What is 32202232 (base 5) in base 9?
454335
What is 5a101 (base 15) in base 16?
4617d
What is -6243992 (base 10) in base 3?
-102202020010222
Convert 10015332 (base 6) to base 3.
112100102202
Convert -101212045 (base 6) to base 9.
-3246662
27544055 (base 8) to base 14
b799db
What is -32299 (base 11) in base 9?
-71340
What is -41780 (base 16) in base 9?
-447755
What is 2ed92 (base 16) in base 13?
6945a
-736a6 (base 11) to base 9
-173186
-1224230113 (base 5) to base 6
-143245351
266c36 (base 14) to base 2
101000011011111010000
Convert -18c0e3 (base 16) to base 13.
-44a50c
What is 777787 (base 9) in base 8?
1614173
1830275 (base 9) to base 5
230224441
-1011111100000110110 (base 2) to base 16
-5f836
What is -aa0c9 (base 13) in base 3?
-120122010222
-648137 (base 12) to base 2
-110000100001010111011
Convert -22200202121110 (base 3) to base 2.
-10001101000001000101110
-222712 (base 9) to base 11
-91132
-10133011223 (base 4) to base 3
-2012202001102
110110110011111000111 (base 2) to base 12
72745b
243462 (base 8) to base 9
136808
Convert 13112314 (base 5) to base 3.
20120001220
What is 73838 (base 13) in base 14?
55ab3
Convert -2411232 (base 6) to base 12.
-60b18
10535 (base 10) to base 4
2210213
Convert 10120211021 (base 3) to base 6.
1302441
What is 47601 (base 13) in base 15?
28a93
Convert -2302a (base 12) to base 9.
-71037
-9b4d (base 16) to base 4
-21231031
Convert -331443134 (base 5) to base 12.
-593926
14234230 (base 5) to base 16
24743
What is 1101001111100010 (base 2) in base 16?
d3e2
What is -b67b (base 12) in base 5?
-1114332
Convert 304a245 (base 11) to base 14.
a031cc
78196 (base 12) to base 16
26e02
What is -110010011010000001011010 (base 2) in base 16?
-c9a05a
-14350515 (base 6) to base 4
-1321032233
Convert -3031467 (base 8) to base 12.
-326847
Convert 35a369 (base 11) to base 10.
570106
What is -1010320010 (base 6) in base 5?
-10124233213
What is 20211222112 (base 3) in base 12?
66058
Convert 191c2 (base 14) to base 2.
1111011111110110
What is -22322012022 (base 4) in base 12?
-b5a8b6
What is 13041022 (base 5) in base 10?
127637
-1322103021 (base 4) to base 11
-3123a8
Convert -31374 (base 9) to base 7.
-114262
What is -6677856 (base 9) in base 10?
-3594669
-361203 (base 7) to base 13
-2392b
658879 (base 10) to base 4
2200312333
Convert -32264 (base 16) to base 5.
-23033122
What is 4b0b1 (base 15) in base 5?
30133131
Convert 2b08ab (base 13) to base 16.
1025ca
Convert 141357 (base 9) to base 13.
3039a
-11214 (base 10) to base 15
-34c9
-26c84 (base 14) to base 7
-546124
-346804 (base 11) to base 16
-86713
What is -1598327 (base 10) in base 7?
-16404563
Convert -12250235 (base 6) to base 16.
-6086f
-12111001202 (base 3) to base 9
-174052
What is 2373490 (base 10) in base 13?
651442
-14394a3 (base 11) to base 12
-9b2860
What is 17190bb (base 12) in base 2?
10010001011001001001111
Convert -100010110000010111100000 (base 2) to base 16.
-8b05e0
-102000021 (base 4) to base 9
-122130
Convert 797118 (base 15) to base 16.
586d33
Convert -92a1de (base 15) to base 4.
-122211213101
What is 2120332003 (base 4) in base 9?
1154431
24201004 (base 5) to base 11
144163
Convert -4423502 (base 7) to base 14.
-102302
Convert 77065673 (base 8) to base 3.
1011010110020210
Convert 332725 (base 8) to base 5.
12041320
What is -1001110110010011001 (base 2) in base 10?
-322713
-3d161 (base 14) to base 12
-73601
-330220110120 (base 4) to base 16
-f28518
Convert -17cb0b (base 16) to base 10.
-1559307
Convert 3330300 (base 5) to base 12.
29820
What is f794 (base 16) in base 7?
352532
Convert 41147156 (base 8) to base 9.
17335074
355364 (base 7) to base 8
175516
What is -3003011200 (base 4) in base 12?
-326514
What is -100110101110011110111 (base 2) in base 8?
-4656367
What is 10110000001001011 (base 2) in base 11?
61839
Convert 104101340 (base 5) to base 4.
1233130112
Convert 32343734 (base 8) to base 11.
3a054a2
What is 10412410 (base 5) in base 13?
32907
Convert -5939 (base 11) to base 3.
-101200101
What is 4a0d42 (base 14) in base 11?
148397a
Convert -132222312 (base 4) to base 7.
-1032150
What is -4230102 (base 5) in base 10?
-70652
What is -100325 (base 9) in base 6?
-1134335
What is -1b583 (base 16) in base 2?
-11011010110000011
What is 247590 (base 16) in base 13?
658755
464b (base 12) to base 11
5983
Convert -426766 (base 9) to base 6.
-5241223
-10220211111002 (base 3) to base 16
-1fc922
474cc (base 13) to base 6
2444003
What is -102223011001 (base 4) in base 13?
-1025098
Convert -15640861 (base 9) to base 15.
-a476ca
-72973 (base 11) to base 9
-171751
What is -208204 (base 12) i